{"id":885,"date":"2021-12-31T10:37:22","date_gmt":"2021-12-31T09:37:22","guid":{"rendered":"http:\/\/www.alessandroceramiche.it\/?page_id=885"},"modified":"2021-12-31T10:38:55","modified_gmt":"2021-12-31T09:38:55","slug":"paulco-ceramiche","status":"publish","type":"page","link":"http:\/\/www.alessandroceramiche.it\/?page_id=885","title":{"rendered":"Paul&amp;Co Ceramiche"},"content":{"rendered":"<p>Paul&#038;Co Ceramiche \u00e8 un giovane brand conosciuto ed apprezzato per l\u2019entusiasmo, la competenza, la professionalit\u00e0 del suo team e per la classe, il design e la qualit\u00e0 dei suoi prodotti tutti rigorosamente \u201cMade in Italy\u201d.<br \/>\nLa progettualit\u00e0 \u00e8 sicuramente uno dei punti di forza delle linee di Paul&#038;Co. ceramiche. Ogni serie viene studiata con occhio attento alle tendenze correnti e corredata in modo completo con decori, mosaici, listelli, pezzi speciali e pavimenti coordinati per permettere la piu\u2019 ampia scelta di soluzioni adatte ad ogni esigenza stilistica ed abitativa.<br \/>\nRicercare il trend piu\u2019 attuale e renderlo accessibile a tutti \u00e8 sicuramente il valore aggiunto della Paul&#038;Co. Ceramiche.<br \/>\nLa cura per i particolari \u00e8 la stessa che Paul&#038;Co. Ceramiche dedica ai propri clienti ai quali assicura la massima disponibilit\u00e0 nel servizio grazie ad un accurato e personale rapporto tra cliente ed il proprio referente.<br \/>\nLa realizzazione di una gamma ben strutturata e di facile vendibilit\u00e0 sia in termini stilistici che economici \u00e8 ci\u00f2 che si prefigge Paul&#038;Co. Ceramiche coadiuvando la vendita con efficaci ed eleganti strumenti di merchandising.<br \/>\nUn giovane brand dunque, che \u00e8 la somma dell\u2019 esperienza trentennale nel settore dei suoi artefici a servizio di tutti coloro che hanno passione per le cose belle e fatte bene.<br \/>\nngg_shortcode_0_placeholder<\/p>\n","protected":false},"excerpt":{"rendered":"<p>Paul&#038;Co Ceramiche \u00e8 un giovane brand conosciuto ed apprezzato per l\u2019entusiasmo, la competenza, la professionalit\u00e0 del suo team e per la classe, il design e la qualit\u00e0 dei suoi prodotti tutti rigorosamente \u201cMade in Italy\u201d. La progettualit\u00e0 \u00e8 sicuramente uno dei punti di forza delle &hellip; <\/p>\n","protected":false},"author":1,"featured_media":0,"parent":0,"menu_order":0,"comment_status":"closed","ping_status":"closed","template":"","meta":{"ngg_post_thumbnail":0,"footnotes":""},"class_list":["post-885","page","type-page","status-publish","hentry"],"_links":{"self":[{"href":"http:\/\/www.alessandroceramiche.it\/index.php?rest_route=\/wp\/v2\/pages\/885","targetHints":{"allow":["GET"]}}],"collection":[{"href":"http:\/\/www.alessandroceramiche.it\/index.php?rest_route=\/wp\/v2\/pages"}],"about":[{"href":"http:\/\/www.alessandroceramiche.it\/index.php?rest_route=\/wp\/v2\/types\/page"}],"author":[{"embeddable":true,"href":"http:\/\/www.alessandroceramiche.it\/index.php?rest_route=\/wp\/v2\/users\/1"}],"replies":[{"embeddable":true,"href":"http:\/\/www.alessandroceramiche.it\/index.php?rest_route=%2Fwp%2Fv2%2Fcomments&post=885"}],"version-history":[{"count":1,"href":"http:\/\/www.alessandroceramiche.it\/index.php?rest_route=\/wp\/v2\/pages\/885\/revisions"}],"predecessor-version":[{"id":886,"href":"http:\/\/www.alessandroceramiche.it\/index.php?rest_route=\/wp\/v2\/pages\/885\/revisions\/886"}],"wp:attachment":[{"href":"http:\/\/www.alessandroceramiche.it\/index.php?rest_route=%2Fwp%2Fv2%2Fmedia&parent=885"}],"curies":[{"name":"wp","href":"https:\/\/api.w.org\/{rel}","templated":true}]}}